 thousands digit of 200463818?
6
What is the units digit of 5003848054?
4
What is the ten thousands digit of 371359585?
5
What is the ten millions digit of 2548839136?
4
What is the hundred millions digit of 811148965?
8
What is the hundreds digit of 184007782?
7
What is the hundreds digit of 29312221?
2
What is the thousands digit of 45614296?
4
What is the ten thousands digit of 101649447?
4
What is the millions digit of 2794038101?
4
What is the units digit of 215446907?
7
What is the tens digit of 373138592?
9
What is the tens digit of 71048013?
1
What is the units digit of 10942740?
0
What is the hundred thousands digit of 5052343921?
3
What is the millions digit of 595158984?
5
What is the millions digit of 2245192779?
5
What is the ten millions digit of 933190700?
3
What is the hundreds digit of 5993575206?
2
What is the thousands digit of 66110662?
0
What is the units digit of 327022197?
7
What is the ten thousands digit of 7075448051?
4
What is the hundred thousands digit of 1780182509?
1
What is the millions digit of 56083441?
6
What is the ten millions digit of 52222563?
5
What is the ten thousands digit of 65738168?
3
What is the units digit of 29010355?
5
What is the ten millions digit of 3746360518?
4
What is the units digit of 24551125?
5
What is the ten millions digit of 702547554?
0
What is the ten thousands digit of 271315236?
1
What is the ten millions digit of 55991191?
5
What is the units digit of 25788774?
4
What is the hundred thousands digit of 271887557?
8
What is the units digit of 395136435?
5
What is the ten millions digit of 3801321491?
0
What is the hundred thousands digit of 3079606124?
6
What is the units digit of 225881396?
6
What is the thousands digit of 50607259?
7
What is the thousands digit of 269017133?
7
What is the hundreds digit of 6564998302?
3
What is the hundred millions digit of 119682960?
1
What is the hundred millions digit of 205414373?
2
What is the units digit of 17129818?
8
What is the tens digit of 615217578?
7
What is the hundreds digit of 2554393111?
1
What is the ten thousands digit of 30743464?
4
What is the ten millions digit of 56477499?
5
What is the ten millions digit of 40684553?
4
What is the hundred thousands digit of 726863051?
8
What is the tens digit of 1912789585?
8
What is the ten millions digit of 36457895?
3
What is the hundred millions digit of 487876436?
4
What is the hundred thousands digit of 2501877791?
8
What is the tens digit of 7112114?
1
What is the units digit of 30527540?
0
What is the ten thousands digit of 79839515?
3
What is the units digit of 2712500035?
5
What is the thousands digit of 279037827?
7
What is the tens digit of 312683150?
5
What is the thousands digit of 309047464?
7
What is the units digit of 31489197?
7
What is the hundred thousands digit of 1333703748?
7
What is the millions digit of 101074431?
1
What is the millions digit of 15066286?
5
What is the thousands digit of 14384892?
4
What is the units digit of 530386031?
1
What is the tens digit of 899978417?
1
What is the hundred thousands digit of 103953152?
9
What is the ten thousands digit of 36077529?
7
What is the millions digit of 103518323?
3
What is the tens digit of 129280396?
9
What is the ten millions digit of 5937278248?
3
What is the millions digit of 2407878445?
7
What is the ten thousands digit of 100878947?
7
What is the tens digit of 77782291?
9
What is the ten millions digit of 88338525?
8
What is the thousands digit of 39136307?
6
What is the thousands digit of 427330192?
0
What is the millions digit of 404349329?
4
What is the ten millions digit of 671752888?
7
What is the tens digit of 7688226476?
7
What is the thousands digit of 48097282?
7
What is the tens digit of 66797145?
4
What is the units digit of 13413704?
4
What is the ten millions digit of 69802276?
6
What is the ten thousands digit of 42117846?
1
What is the billions digit of 1314487505?
1
What is the ten millions digit of 166132466?
6
What is the units digit of 1112784161?
1
What is the thousands digit of 33503695?
3
What is the tens digit of 415377977?
7
What is the tens digit of 1960753980?
8
What is the hundred thousands digit of 9358482?
3
What is the hundred thousands digit of 1715840662?
8
What is the thousands digit of 143888670?
8
What is the tens digit of 74526637?
3
What is the units digit of 4845979319?
9
What is the units digit of 20628723?
3
What is the units digit of 1070634602?
2
What is the units digit of 339841290?
0
What is the thousands digit of 1729255517?
5
What is the hundred millions digit of 1269867250?
2
What is the thousands digit of 206832323?
2
What is the hundred thousands digit of 239206943?
2
What is the ten thousands digit of 78567673?
6
What is the ten thousands digit of 2291093983?
9
What is the hundreds digit of 80543933?
9
What is the hundred thousands digit of 4050646159?
6
What is the units digit of 32517083?
3
What is the thousands digit of 384408641?
8
What is the hundreds digit of 269770783?
7
What is the thousands digit of 334687082?
7
What is the units digit of 52981730?
0
What is the hundreds digit of 15260836?
8
What is the hundred thousands digit of 3725530561?
5
What is the hundreds digit of 70785037?
0
What is the ten thousands digit of 12117812?
1
What is the hundred millions digit of 116473484?
1
What is the units digit of 543506442?
2
What is the thousands digit of 52269630?
9
What is the millions digit of 4425483?
4
What is the hundreds digit of 304894152?
1
What is the hundreds digit of 27331761?
7
What is the millions digit of 1599998491?
9
What is the billions digit of 2925262515?
2
What is the hundreds digit of 840853514?
5
What is the billions digit of 2427857424?
2
What is the tens digit of 167130495?
9
What is the millions digit of 36724174?
6
What is the units digit of 542688726?
6
What is the millions digit of 137389309?
7
What is the units digit of 8921986?
6
What is the millions digit of 26188518?
6
What is the thousands digit of 15563029?
3
What is the millions digit of 209709824?
9
What is the hundred millions digit of 224915941?
2
What is the thousands digit of 2123999819?
9
What is the ten thousands digit of 141398270?
9
What is the ten thousands digit of 3385013210?
1
What is the hundreds digit of 51133490?
4
What is the hundreds digit of 382751096?
0
What is the millions digit of 275336621?
5
What is the tens digit of 85134050?
5
What is the ten thousands digit of 468959896?
5
What is the hundreds digit of 40655657?
6
What is the millions digit of 46329247?
6
What is the hundred thousands digit of 17201230?
2
What is the ten millions digit of 1487510209?
8
What is the hundred thousands digit of 56519857?
5
What is the hundreds digit of 286123637?
6
What is the thousands digit of 7106666?
6
What is the millions digit of 30534576?
0
What is the millions digit of 632334330?
2
What is the thousands digit of 162802840?
2
What is the hundred thousands digit of 72995967?
9
What is the hundred millions digit of 3195865726?
1
What is the ten thousands digit of 4979163993?
6
What is the units digit of 3002670381?
1
What is the hundred thousands digit of 378729097?
7
What is the units digit of 294975188?
8
What is the hundred thousands digit of 546427811?
4
What is the hundreds digit of 237779266?
2
What is the units digit of 285291803?
3
What is the hundred thousands digit of 7312951?
3
What is the hundred millions digit of 156628222?
1
What is the tens digit of 21121938?
3
What is the hundreds digit of 361814207?
2
What is the billions digit of 1401328753?
1
What is the hundreds digit of 5517644864?
8
What is the units digit of 240949421?
1
What is the thousands digit of 189595528?
5
What is the hundred millions digit of 234836606?
2
What is the hundreds digit of 29244843?
8
What is the millions digit of 39932603?
9
What is the thousands digit of 3696506435?
6
What is the millions digit of 54747430?
4
What is the ten thousands digit of 34157337?
5
What is the millions digit of 151295509?
1
What is the hundreds digit of 37110317?
3
What is the ten thousands digit of 665558008?
5
What is the ten thousands digit of 32650994?
5
What is the ten thousands digit of 1030503990?
0
What is the hundreds digit of 16276316?
3
What is the ten millions digit of 5